{"id":3497,"date":"2025-09-27T16:15:53","date_gmt":"2025-09-27T16:15:53","guid":{"rendered":"https:\/\/spatzji.ch\/?page_id=3497"},"modified":"2025-10-03T15:10:53","modified_gmt":"2025-10-03T15:10:53","slug":"gemuese-suess-sauer","status":"publish","type":"page","link":"https:\/\/spatzji.ch\/?page_id=3497","title":{"rendered":"Gem\u00fcse s\u00fcss\/sauer"},"content":{"rendered":"\n<figure class=\"wp-block-image aligncenter size-full\"><img loading=\"lazy\" decoding=\"async\" width=\"111\" height=\"207\" src=\"https:\/\/spatzji.ch\/wp-content\/uploads\/2025\/10\/Gemuese_suess_sauer0001.png\" alt=\"\" class=\"wp-image-3534\"\/><\/figure>\n\n\n\n<h2 class=\"wp-block-heading\">Zutaten f\u00fcr 1,6 kg<\/h2>\n\n\n\n<ul class=\"wp-block-list has-black-color has-text-color has-link-color wp-elements-b17fdaad68d89a2846d9d16c92a5743b\">\n<li>1,6 kg Gem\u00fcse nach belieben (zB. Zucchetti, Peperoni, Zwiebeln)<\/li>\n\n\n\n<li>Ananas St\u00fccke<\/li>\n\n\n\n<li>1\/2 Essl\u00f6ffel Salz<\/li>\n<\/ul>\n\n\n\n<h2 class=\"wp-block-heading\">Sirup<\/h2>\n\n\n\n<ul class=\"wp-block-list has-black-color has-text-color has-link-color wp-elements-d6f76958e4d809cba06bc815fae9496f\">\n<li>1 1\/2 Tassen Wasser<\/li>\n\n\n\n<li>1 1\/2 Tassen Apfelessig<\/li>\n\n\n\n<li>1\/2 Tasse Zucker<\/li>\n\n\n\n<li>3 Kaffeel\u00f6ffel Curry<\/li>\n\n\n\n<li>1 Kaffeel\u00f6ffel Pfefferk\u00f6rner<\/li>\n<\/ul>\n\n\n\n<h2 class=\"wp-block-heading\">Tag 1<\/h2>\n\n\n\n<ul class=\"wp-block-list has-black-color has-text-color has-link-color wp-elements-4da854642713e052f7b0834355e3589e\">\n<li>Gem\u00fcse schneiden und mit dem Salz bestreuen<\/li>\n\n\n\n<li>Zugedeckt 24h in der Sch\u00fcssel ziehen lassen<\/li>\n<\/ul>\n\n\n\n<h2 class=\"wp-block-heading\">Tag 2<\/h2>\n\n\n\n<ul class=\"wp-block-list has-black-color has-text-color has-link-color wp-elements-aa33dcb89efc3829295ffc63923bb8a1\">\n<li>Gem\u00fcse mit Wasser absp\u00fclen<\/li>\n\n\n\n<li>Sirup mit allen Zutaten zum kochen bringen und \u00fcber das Gem\u00fcse giessen<\/li>\n\n\n\n<li>Zugedeckt 24h in der Sch\u00fcssel ziehen lassen<\/li>\n<\/ul>\n\n\n\n<h2 class=\"wp-block-heading\">Tag 3<\/h2>\n\n\n\n<ul class=\"wp-block-list has-black-color has-text-color has-link-color wp-elements-27e148c2beb2f3afde9ce5dd01833333\">\n<li>Gem\u00fcse abgiessen<\/li>\n\n\n\n<li>Sirup nochmals aufkochen und \u00fcber das Gem\u00fcse giessen<\/li>\n\n\n\n<li>Zugedeckt 24h in der Sch\u00fcssel ziehen lassen<\/li>\n<\/ul>\n\n\n\n<h2 class=\"wp-block-heading\">Tag 4<\/h2>\n\n\n\n<ul class=\"wp-block-list has-black-color has-text-color has-link-color wp-elements-34114fffebb5cf9042a3ca7b80c9d615\">\n<li>Gem\u00fcse und Sirup gemeinsam 10 min. aufkochen<\/li>\n\n\n\n<li>1\/4 Tasse Zucker beigeben<\/li>\n\n\n\n<li>Ananas St\u00fccke am Schluss zugeben<\/li>\n\n\n\n<li>In heiss ausgesp\u00fclte Gl\u00e4ser abf\u00fcllen<\/li>\n<\/ul>\n\n\n\n<h2 class=\"wp-block-heading\">Tipps und Tricks<\/h2>\n\n\n\n<ul class=\"wp-block-list has-black-color has-text-color has-link-color wp-elements-023ad137d181da23ac5cc276a4e5ba4a\">\n<li>Mit Curry, Salz, nicht so genau genommen&#8230;..liebe Curry !!<\/li>\n<\/ul>\n\n\n\n<h2 class=\"wp-block-heading\">Fazit<\/h2>\n\n\n\n<ul class=\"wp-block-list has-black-color has-text-color has-link-color wp-elements-cbff1914983c205fe7d0ad5273c9ef02\">\n<li>Tipp Topp zu einem Raclette<\/li>\n\n\n\n<li>Super Zucchetti Verwertung<\/li>\n<\/ul>\n\n\n\n<h2 class=\"wp-block-heading\">Originalrezept<\/h2>\n\n\n\n<p class=\"has-black-color has-text-color has-link-color wp-elements-40b113f25ce3c6de83b47dc11b3b74e1\">Hier geht es zum Originalrezept. Link<\/p>\n\n\n\n<h2 class=\"wp-block-heading\">Variante<\/h2>\n\n\n\n<p class=\"has-black-color has-text-color has-link-color wp-elements-c2a5cee271a60d256f41aed56ee25fb0\">Sehen Sie eine weitere Variante zu diesem Rezept. <a href=\"https:\/\/spatzji.ch\/wp-content\/uploads\/2025\/09\/Gemuese_suess_sauer.pdf\" data-type=\"attachment\" data-id=\"3508\">Original Milla<\/a><\/p>\n\n\n\n<p class=\"has-black-color has-text-color has-link-color wp-elements-31301de55d348c9ff4b8a7700e4ab8dd\">pdf ex alte Home Page. link<\/p>\n\n\n\n<h2 class=\"wp-block-heading\">Rezept Videos<\/h2>\n\n\n\n<p class=\"has-black-color has-text-color has-link-color wp-elements-4b2fc126f15f6db5763ea613e8478f30\">Hier geht es&nbsp;zum Rezept Video. Link<\/p>\n\n\n\n<h2 class=\"wp-block-heading\">Rezept Fotos<\/h2>\n\n\n\n<figure class=\"wp-block-gallery has-nested-images columns-1 is-cropped wp-block-gallery-1 is-layout-flex wp-block-gallery-is-layout-flex\">\n<figure class=\"wp-block-image size-large\"><a href=\"https:\/\/spatzji.ch\/wp-content\/uploads\/2025\/09\/Gemuese_suess_sauer-1-scaled.jpg\"><img loading=\"lazy\" decoding=\"async\" width=\"768\" height=\"1024\" data-id=\"3505\" src=\"https:\/\/spatzji.ch\/wp-content\/uploads\/2025\/09\/Gemuese_suess_sauer-1-768x1024.jpg\" alt=\"\" class=\"wp-image-3505\" srcset=\"https:\/\/spatzji.ch\/wp-content\/uploads\/2025\/09\/Gemuese_suess_sauer-1-768x1024.jpg 768w, https:\/\/spatzji.ch\/wp-content\/uploads\/2025\/09\/Gemuese_suess_sauer-1-225x300.jpg 225w, https:\/\/spatzji.ch\/wp-content\/uploads\/2025\/09\/Gemuese_suess_sauer-1-1152x1536.jpg 1152w, https:\/\/spatzji.ch\/wp-content\/uploads\/2025\/09\/Gemuese_suess_sauer-1-1536x2048.jpg 1536w, https:\/\/spatzji.ch\/wp-content\/uploads\/2025\/09\/Gemuese_suess_sauer-1-scaled.jpg 1920w\" sizes=\"auto, (max-width: 768px) 100vw, 768px\" \/><\/a><\/figure>\n<\/figure>\n\n\n\n<p class=\"has-text-align-right\"><a href=\"javascript:history.back()\">Zur\u00fcck<\/a><\/p>\n","protected":false},"excerpt":{"rendered":"<p>Zutaten f\u00fcr 1,6 kg Sirup Tag 1 Tag 2 Tag 3 Tag 4 Tipps und Tricks Fazit Originalrezept Hier geht es zum Originalrezept. Link Variante Sehen Sie eine weitere Variante zu diesem Rezept. Original Milla pdf ex alte Home Page. link Rezept Videos Hier geht es&nbsp;zum Rezept Video. Link Rezept Fotos Zur\u00fcck<\/p>\n","protected":false},"author":1,"featured_media":3534,"parent":0,"menu_order":0,"comment_status":"closed","ping_status":"closed","template":"","meta":{"ngg_post_thumbnail":0,"footnotes":""},"class_list":["post-3497","page","type-page","status-publish","has-post-thumbnail","hentry"],"_links":{"self":[{"href":"https:\/\/spatzji.ch\/index.php?rest_route=\/wp\/v2\/pages\/3497","targetHints":{"allow":["GET"]}}],"collection":[{"href":"https:\/\/spatzji.ch\/index.php?rest_route=\/wp\/v2\/pages"}],"about":[{"href":"https:\/\/spatzji.ch\/index.php?rest_route=\/wp\/v2\/types\/page"}],"author":[{"embeddable":true,"href":"https:\/\/spatzji.ch\/index.php?rest_route=\/wp\/v2\/users\/1"}],"replies":[{"embeddable":true,"href":"https:\/\/spatzji.ch\/index.php?rest_route=%2Fwp%2Fv2%2Fcomments&post=3497"}],"version-history":[{"count":8,"href":"https:\/\/spatzji.ch\/index.php?rest_route=\/wp\/v2\/pages\/3497\/revisions"}],"predecessor-version":[{"id":3535,"href":"https:\/\/spatzji.ch\/index.php?rest_route=\/wp\/v2\/pages\/3497\/revisions\/3535"}],"wp:featuredmedia":[{"embeddable":true,"href":"https:\/\/spatzji.ch\/index.php?rest_route=\/wp\/v2\/media\/3534"}],"wp:attachment":[{"href":"https:\/\/spatzji.ch\/index.php?rest_route=%2Fwp%2Fv2%2Fmedia&parent=3497"}],"curies":[{"name":"wp","href":"https:\/\/api.w.org\/{rel}","templated":true}]}}