{"id":3414,"date":"2025-07-16T20:05:44","date_gmt":"2025-07-16T20:05:44","guid":{"rendered":"https:\/\/spatzji.ch\/?page_id=3414"},"modified":"2025-07-16T20:11:32","modified_gmt":"2025-07-16T20:11:32","slug":"aprikosen-kuchen","status":"publish","type":"page","link":"https:\/\/spatzji.ch\/?page_id=3414","title":{"rendered":"Aprikosen Kuchen"},"content":{"rendered":"\n<figure class=\"wp-block-image size-full\"><img loading=\"lazy\" decoding=\"async\" width=\"2560\" height=\"1542\" src=\"https:\/\/spatzji.ch\/wp-content\/uploads\/2025\/07\/Aprikosenkuchen-1-scaled.png\" alt=\"\" class=\"wp-image-3415\" srcset=\"https:\/\/spatzji.ch\/wp-content\/uploads\/2025\/07\/Aprikosenkuchen-1-scaled.png 2560w, https:\/\/spatzji.ch\/wp-content\/uploads\/2025\/07\/Aprikosenkuchen-1-300x181.png 300w, https:\/\/spatzji.ch\/wp-content\/uploads\/2025\/07\/Aprikosenkuchen-1-1024x617.png 1024w, https:\/\/spatzji.ch\/wp-content\/uploads\/2025\/07\/Aprikosenkuchen-1-768x463.png 768w, https:\/\/spatzji.ch\/wp-content\/uploads\/2025\/07\/Aprikosenkuchen-1-1536x925.png 1536w, https:\/\/spatzji.ch\/wp-content\/uploads\/2025\/07\/Aprikosenkuchen-1-2048x1233.png 2048w\" sizes=\"auto, (max-width: 2560px) 100vw, 2560px\" \/><\/figure>\n\n\n\n<h2 class=\"wp-block-heading\">Zutaten<\/h2>\n\n\n\n<ul class=\"wp-block-list has-black-color has-text-color has-link-color wp-elements-61f6624f8bf9d845e067114a25de0ec3\">\n<li>Bl\u00e4tterteig<\/li>\n\n\n\n<li>Aprikosen<\/li>\n\n\n\n<li><a href=\"https:\/\/spatzji.ch\/?page_id=3406\" data-type=\"page\" data-id=\"3406\">Aprikosen Konfit\u00fcre<\/a><\/li>\n<\/ul>\n\n\n\n<h2 class=\"wp-block-heading\">Zubereitung<\/h2>\n\n\n\n<ul class=\"wp-block-list has-black-color has-text-color has-link-color wp-elements-f886ca594e27ee53a5e9a371cd96c70d\">\n<li>Bl\u00e4tterteig ausrollen<\/li>\n\n\n\n<li>Mit Aprikosen bedecken<\/li>\n\n\n\n<li>Aprikosen mit Aprikosen Konfit\u00fcre bedecken<\/li>\n\n\n\n<li>50min. bei 190\u00b0C Ober\/unter Hitze backen<\/li>\n<\/ul>\n\n\n\n<h2 class=\"wp-block-heading\">Tipps und Tricks<\/h2>\n\n\n\n<ul class=\"wp-block-list has-black-color has-text-color has-link-color wp-elements-72f6c82e18c60009321a548e02b25017\">\n<li>Aprikosen Konfit\u00fcre wie fr\u00fcher durch Zucker ersetzen&#8230;.Ich bleib bei Konfit\u00fcre<\/li>\n<\/ul>\n\n\n\n<h2 class=\"wp-block-heading\">Fazit<\/h2>\n\n\n\n<ul class=\"wp-block-list has-black-color has-text-color has-link-color wp-elements-ae1fa35d4c657332f4af687e2f2f42d2\">\n<li>W\u00e4hrend der Aprikosenernte ein mehrmaliges MUSS!<\/li>\n<\/ul>\n\n\n\n<h2 class=\"wp-block-heading\">Originalrezept<\/h2>\n\n\n\n<p class=\"has-black-color has-text-color has-link-color wp-elements-40b113f25ce3c6de83b47dc11b3b74e1\">Hier geht es zum Originalrezept. Link<\/p>\n\n\n\n<h2 class=\"wp-block-heading\">Variante<\/h2>\n\n\n\n<p class=\"has-black-color has-text-color has-link-color wp-elements-feeaa6b753f52459a9d8fdd5048522f7\">Sehen Sie eine weitere Variante zu diesem Rezept. Link<\/p>\n\n\n\n<p class=\"has-black-color has-text-color has-link-color wp-elements-31301de55d348c9ff4b8a7700e4ab8dd\">pdf ex alte Home Page. link<\/p>\n\n\n\n<h2 class=\"wp-block-heading\">Rezept Videos<\/h2>\n\n\n\n<p class=\"has-black-color has-text-color has-link-color wp-elements-4b2fc126f15f6db5763ea613e8478f30\">Hier geht es&nbsp;zum Rezept Video. Link<\/p>\n\n\n\n<h2 class=\"wp-block-heading\">Rezept Fotos<\/h2>\n\n\n\n<figure class=\"wp-block-gallery has-nested-images columns-1 is-cropped wp-block-gallery-1 is-layout-flex wp-block-gallery-is-layout-flex\">\n<figure class=\"wp-block-image size-large\"><a href=\"https:\/\/spatzji.ch\/wp-content\/uploads\/2025\/07\/Aprikosenkuchen-1-scaled.jpg\"><img loading=\"lazy\" decoding=\"async\" width=\"768\" height=\"1024\" data-id=\"3417\" src=\"https:\/\/spatzji.ch\/wp-content\/uploads\/2025\/07\/Aprikosenkuchen-1-768x1024.jpg\" alt=\"\" class=\"wp-image-3417\" srcset=\"https:\/\/spatzji.ch\/wp-content\/uploads\/2025\/07\/Aprikosenkuchen-1-768x1024.jpg 768w, https:\/\/spatzji.ch\/wp-content\/uploads\/2025\/07\/Aprikosenkuchen-1-225x300.jpg 225w, https:\/\/spatzji.ch\/wp-content\/uploads\/2025\/07\/Aprikosenkuchen-1-1152x1536.jpg 1152w, https:\/\/spatzji.ch\/wp-content\/uploads\/2025\/07\/Aprikosenkuchen-1-1536x2048.jpg 1536w, https:\/\/spatzji.ch\/wp-content\/uploads\/2025\/07\/Aprikosenkuchen-1-scaled.jpg 1920w\" sizes=\"auto, (max-width: 768px) 100vw, 768px\" \/><\/a><\/figure>\n\n\n\n<figure class=\"wp-block-image size-large\"><a href=\"https:\/\/spatzji.ch\/wp-content\/uploads\/2025\/07\/Aprikosenkuchen-2-scaled.jpg\"><img loading=\"lazy\" decoding=\"async\" width=\"768\" height=\"1024\" data-id=\"3418\" src=\"https:\/\/spatzji.ch\/wp-content\/uploads\/2025\/07\/Aprikosenkuchen-2-768x1024.jpg\" alt=\"\" class=\"wp-image-3418\" srcset=\"https:\/\/spatzji.ch\/wp-content\/uploads\/2025\/07\/Aprikosenkuchen-2-768x1024.jpg 768w, https:\/\/spatzji.ch\/wp-content\/uploads\/2025\/07\/Aprikosenkuchen-2-225x300.jpg 225w, https:\/\/spatzji.ch\/wp-content\/uploads\/2025\/07\/Aprikosenkuchen-2-1152x1536.jpg 1152w, https:\/\/spatzji.ch\/wp-content\/uploads\/2025\/07\/Aprikosenkuchen-2-1536x2048.jpg 1536w, https:\/\/spatzji.ch\/wp-content\/uploads\/2025\/07\/Aprikosenkuchen-2-scaled.jpg 1920w\" sizes=\"auto, (max-width: 768px) 100vw, 768px\" \/><\/a><\/figure>\n<\/figure>\n\n\n\n<p class=\"has-text-align-right\"><a href=\"javascript:history.back()\">Zur\u00fcck<\/a><\/p>\n","protected":false},"excerpt":{"rendered":"<p>Zutaten Zubereitung Tipps und Tricks Fazit Originalrezept Hier geht es zum Originalrezept. Link Variante Sehen Sie eine weitere Variante zu diesem Rezept. Link pdf ex alte Home Page. link Rezept Videos Hier geht es&nbsp;zum Rezept Video. Link Rezept Fotos Zur\u00fcck<\/p>\n","protected":false},"author":1,"featured_media":3415,"parent":0,"menu_order":0,"comment_status":"closed","ping_status":"closed","template":"","meta":{"ngg_post_thumbnail":0,"footnotes":""},"class_list":["post-3414","page","type-page","status-publish","has-post-thumbnail","hentry"],"_links":{"self":[{"href":"https:\/\/spatzji.ch\/index.php?rest_route=\/wp\/v2\/pages\/3414","targetHints":{"allow":["GET"]}}],"collection":[{"href":"https:\/\/spatzji.ch\/index.php?rest_route=\/wp\/v2\/pages"}],"about":[{"href":"https:\/\/spatzji.ch\/index.php?rest_route=\/wp\/v2\/types\/page"}],"author":[{"embeddable":true,"href":"https:\/\/spatzji.ch\/index.php?rest_route=\/wp\/v2\/users\/1"}],"replies":[{"embeddable":true,"href":"https:\/\/spatzji.ch\/index.php?rest_route=%2Fwp%2Fv2%2Fcomments&post=3414"}],"version-history":[{"count":3,"href":"https:\/\/spatzji.ch\/index.php?rest_route=\/wp\/v2\/pages\/3414\/revisions"}],"predecessor-version":[{"id":3421,"href":"https:\/\/spatzji.ch\/index.php?rest_route=\/wp\/v2\/pages\/3414\/revisions\/3421"}],"wp:featuredmedia":[{"embeddable":true,"href":"https:\/\/spatzji.ch\/index.php?rest_route=\/wp\/v2\/media\/3415"}],"wp:attachment":[{"href":"https:\/\/spatzji.ch\/index.php?rest_route=%2Fwp%2Fv2%2Fmedia&parent=3414"}],"curies":[{"name":"wp","href":"https:\/\/api.w.org\/{rel}","templated":true}]}}