{"id":1339,"date":"2024-01-06T19:30:28","date_gmt":"2024-01-06T19:30:28","guid":{"rendered":"https:\/\/spatzji.ch\/?page_id=1339"},"modified":"2025-02-11T17:17:25","modified_gmt":"2025-02-11T17:17:25","slug":"lamm-am-stiel","status":"publish","type":"page","link":"https:\/\/spatzji.ch\/?page_id=1339","title":{"rendered":"Lamm am Stiel"},"content":{"rendered":"\n<figure class=\"wp-block-image size-full\"><img loading=\"lazy\" decoding=\"async\" width=\"987\" height=\"525\" src=\"https:\/\/spatzji.ch\/wp-content\/uploads\/2025\/02\/Lamm-am-Stiel0101.png\" alt=\"\" class=\"wp-image-3117\" srcset=\"https:\/\/spatzji.ch\/wp-content\/uploads\/2025\/02\/Lamm-am-Stiel0101.png 987w, https:\/\/spatzji.ch\/wp-content\/uploads\/2025\/02\/Lamm-am-Stiel0101-300x160.png 300w, https:\/\/spatzji.ch\/wp-content\/uploads\/2025\/02\/Lamm-am-Stiel0101-768x409.png 768w\" sizes=\"auto, (max-width: 987px) 100vw, 987px\" \/><\/figure>\n\n\n\n<h2 class=\"wp-block-heading\">Zutaten<\/h2>\n\n\n\n<ul class=\"wp-block-list has-black-color has-text-color has-link-color wp-elements-dc91dc5fa38b17a6c93fc3b803fe9abb\">\n<li>Lammkotelett am St\u00fcck<\/li>\n\n\n\n<li>Butter<\/li>\n\n\n\n<li>Knoblauch<\/li>\n\n\n\n<li>Rosemarin<\/li>\n\n\n\n<li>Grillschnur<\/li>\n\n\n\n<li>Salz, Pfeffer, Fleischgew\u00fcrz, <a href=\"https:\/\/spatzji.ch\/?page_id=1219\" data-type=\"page\" data-id=\"1219\">Millas Granate<\/a> (Peperoncini \u00d6l)<\/li>\n<\/ul>\n\n\n\n<h2 class=\"wp-block-heading\">Zubereitung<\/h2>\n\n\n\n<ul class=\"wp-block-list has-black-color has-text-color has-link-color wp-elements-093dae50440814df51ec514d05a9b14f\">\n<li>Lamm am Knochen \u00f6ffnen. (siehe Original Video). Fett UNBEDINGT dranlassen!!! <img loading=\"lazy\" decoding=\"async\" width=\"5\" height=\"5\" src=\"\">&nbsp;Lamm mit der der Marinade f\u00fcllen. (Butter, Knoblauch, Peperoncini \u00d6l, Rosemarin, Salz, Pfeffer, Fleischgew\u00fcrz)<\/li>\n\n\n\n<li>Lamm mit der Grillschnur zusammenbinden. (siehe Original Video)<\/li>\n\n\n\n<li>Lamm 2h bei 80 <sup>0 <\/sup>C niedergaren.<\/li>\n\n\n\n<li>Fleisch leicht w\u00fcrzen.<\/li>\n\n\n\n<li>Anschliessend auf dem Grill oder Grillpfanne fertig grillieren. Jede Seite ca. 2mal 5-10 Min.<\/li>\n<\/ul>\n\n\n\n<h2 class=\"wp-block-heading\">Tipps und Tricks<\/h2>\n\n\n\n<ul class=\"wp-block-list has-black-color has-text-color has-link-color wp-elements-717d5633b894fd71d46dfbf4b83e021d\">\n<li>Funktioniert auch mit 2 Koteletten am St\u00fcck. (&#8230;siehe letztes Bild)<\/li>\n\n\n\n<li>2 Paare f\u00fcr 1 Person sind ok&#8230;.dh bei grossen Koteletten.<\/li>\n<\/ul>\n\n\n\n<h2 class=\"wp-block-heading\">Fazit<\/h2>\n\n\n\n<p class=\"has-black-color has-text-color has-link-color wp-elements-f20ca2fe1562a5e6d759f527f71d8273\">SENSATIONELL!!<\/p>\n\n\n\n<h2 class=\"wp-block-heading\">Originalrezept<\/h2>\n\n\n\n<p class=\"has-black-color has-text-color has-link-color wp-elements-f72cb41e6cb64eaaff10ae10f562a84c\">Hier geht es zum Originalrezept Martina und Moritz. Link<\/p>\n\n\n\n<h2 class=\"wp-block-heading\">Variante<\/h2>\n\n\n\n<p class=\"has-black-color has-text-color has-link-color wp-elements-feeaa6b753f52459a9d8fdd5048522f7\">Sehen Sie eine weitere Variante zu diesem Rezept. Link<\/p>\n\n\n\n<p class=\"has-black-color has-text-color has-link-color wp-elements-5e397e0bcec8e643edb5839caa1a4cf3\">Variante mit 2 Koteletten am St\u00fcck ist die bessere Variante!<\/p>\n\n\n\n<p class=\"has-black-color has-text-color has-link-color wp-elements-28cae3142fb59ac32d785c8585e2c667\">pdf ex alte Home Page. <a href=\"https:\/\/spatzji.ch\/wp-content\/uploads\/2023\/11\/Lamm_Lamm-am-Stiel.pdf\" data-type=\"attachment\" data-id=\"126\">link<\/a><\/p>\n\n\n\n<h2 class=\"wp-block-heading\">Rezept Videos<\/h2>\n\n\n\n<p class=\"has-black-color has-text-color has-link-color wp-elements-4b2fc126f15f6db5763ea613e8478f30\">Hier geht es&nbsp;zum Rezept Video. Link<\/p>\n\n\n\n<h2 class=\"wp-block-heading\">Rezept Fotos<\/h2>\n\n\n\n<figure class=\"wp-block-gallery has-nested-images columns-1 is-cropped wp-block-gallery-1 is-layout-flex wp-block-gallery-is-layout-flex\">\n<figure class=\"wp-block-image size-large\"><img loading=\"lazy\" decoding=\"async\" width=\"768\" height=\"432\" data-id=\"1345\" src=\"https:\/\/spatzji.ch\/wp-content\/uploads\/2024\/01\/Lamm-am-Stiel02.jpg\" alt=\"\" class=\"wp-image-1345\" srcset=\"https:\/\/spatzji.ch\/wp-content\/uploads\/2024\/01\/Lamm-am-Stiel02.jpg 768w, https:\/\/spatzji.ch\/wp-content\/uploads\/2024\/01\/Lamm-am-Stiel02-300x169.jpg 300w\" sizes=\"auto, (max-width: 768px) 100vw, 768px\" \/><\/figure>\n\n\n\n<figure class=\"wp-block-image size-large\"><img loading=\"lazy\" decoding=\"async\" width=\"768\" height=\"432\" data-id=\"1348\" src=\"https:\/\/spatzji.ch\/wp-content\/uploads\/2024\/01\/Lamm-am-Stiel03.jpg\" alt=\"\" class=\"wp-image-1348\" srcset=\"https:\/\/spatzji.ch\/wp-content\/uploads\/2024\/01\/Lamm-am-Stiel03.jpg 768w, https:\/\/spatzji.ch\/wp-content\/uploads\/2024\/01\/Lamm-am-Stiel03-300x169.jpg 300w\" sizes=\"auto, (max-width: 768px) 100vw, 768px\" \/><\/figure>\n\n\n\n<figure class=\"wp-block-image size-large\"><img loading=\"lazy\" decoding=\"async\" width=\"1024\" height=\"576\" data-id=\"1346\" src=\"https:\/\/spatzji.ch\/wp-content\/uploads\/2024\/01\/Lamm-am-Stiel04.jpg\" alt=\"\" class=\"wp-image-1346\" srcset=\"https:\/\/spatzji.ch\/wp-content\/uploads\/2024\/01\/Lamm-am-Stiel04.jpg 1024w, https:\/\/spatzji.ch\/wp-content\/uploads\/2024\/01\/Lamm-am-Stiel04-300x169.jpg 300w, https:\/\/spatzji.ch\/wp-content\/uploads\/2024\/01\/Lamm-am-Stiel04-768x432.jpg 768w\" sizes=\"auto, (max-width: 1024px) 100vw, 1024px\" \/><\/figure>\n\n\n\n<figure class=\"wp-block-image size-large\"><img loading=\"lazy\" decoding=\"async\" width=\"1024\" height=\"576\" data-id=\"1347\" src=\"https:\/\/spatzji.ch\/wp-content\/uploads\/2024\/01\/Lamm-am-Stiel05.jpg\" alt=\"\" class=\"wp-image-1347\" srcset=\"https:\/\/spatzji.ch\/wp-content\/uploads\/2024\/01\/Lamm-am-Stiel05.jpg 1024w, https:\/\/spatzji.ch\/wp-content\/uploads\/2024\/01\/Lamm-am-Stiel05-300x169.jpg 300w, https:\/\/spatzji.ch\/wp-content\/uploads\/2024\/01\/Lamm-am-Stiel05-768x432.jpg 768w\" sizes=\"auto, (max-width: 1024px) 100vw, 1024px\" \/><\/figure>\n\n\n\n<figure class=\"wp-block-image size-large\"><img loading=\"lazy\" decoding=\"async\" width=\"1024\" height=\"576\" data-id=\"1356\" src=\"https:\/\/spatzji.ch\/wp-content\/uploads\/2024\/01\/Lamm-am-Stiel06-1024x576.jpg\" alt=\"\" class=\"wp-image-1356\" srcset=\"https:\/\/spatzji.ch\/wp-content\/uploads\/2024\/01\/Lamm-am-Stiel06-1024x576.jpg 1024w, https:\/\/spatzji.ch\/wp-content\/uploads\/2024\/01\/Lamm-am-Stiel06-300x169.jpg 300w, https:\/\/spatzji.ch\/wp-content\/uploads\/2024\/01\/Lamm-am-Stiel06-768x432.jpg 768w, https:\/\/spatzji.ch\/wp-content\/uploads\/2024\/01\/Lamm-am-Stiel06-1536x864.jpg 1536w, https:\/\/spatzji.ch\/wp-content\/uploads\/2024\/01\/Lamm-am-Stiel06-2048x1152.jpg 2048w\" sizes=\"auto, (max-width: 1024px) 100vw, 1024px\" \/><\/figure>\n<\/figure>\n\n\n\n<p class=\"has-text-align-right\"><a href=\"javascript:history.back()\">Zur\u00fcck<\/a><\/p>\n","protected":false},"excerpt":{"rendered":"<p>Zutaten Zubereitung Tipps und Tricks Fazit SENSATIONELL!! Originalrezept Hier geht es zum Originalrezept Martina und Moritz. Link Variante Sehen Sie eine weitere Variante zu diesem Rezept. Link Variante mit 2 Koteletten am St\u00fcck ist die bessere Variante! pdf ex alte Home Page. link Rezept Videos Hier geht es&nbsp;zum Rezept Video. Link Rezept Fotos Zur\u00fcck<\/p>\n","protected":false},"author":1,"featured_media":1340,"parent":0,"menu_order":0,"comment_status":"closed","ping_status":"closed","template":"","meta":{"ngg_post_thumbnail":0,"footnotes":""},"class_list":["post-1339","page","type-page","status-publish","has-post-thumbnail","hentry"],"_links":{"self":[{"href":"https:\/\/spatzji.ch\/index.php?rest_route=\/wp\/v2\/pages\/1339","targetHints":{"allow":["GET"]}}],"collection":[{"href":"https:\/\/spatzji.ch\/index.php?rest_route=\/wp\/v2\/pages"}],"about":[{"href":"https:\/\/spatzji.ch\/index.php?rest_route=\/wp\/v2\/types\/page"}],"author":[{"embeddable":true,"href":"https:\/\/spatzji.ch\/index.php?rest_route=\/wp\/v2\/users\/1"}],"replies":[{"embeddable":true,"href":"https:\/\/spatzji.ch\/index.php?rest_route=%2Fwp%2Fv2%2Fcomments&post=1339"}],"version-history":[{"count":8,"href":"https:\/\/spatzji.ch\/index.php?rest_route=\/wp\/v2\/pages\/1339\/revisions"}],"predecessor-version":[{"id":3120,"href":"https:\/\/spatzji.ch\/index.php?rest_route=\/wp\/v2\/pages\/1339\/revisions\/3120"}],"wp:featuredmedia":[{"embeddable":true,"href":"https:\/\/spatzji.ch\/index.php?rest_route=\/wp\/v2\/media\/1340"}],"wp:attachment":[{"href":"https:\/\/spatzji.ch\/index.php?rest_route=%2Fwp%2Fv2%2Fmedia&parent=1339"}],"curies":[{"name":"wp","href":"https:\/\/api.w.org\/{rel}","templated":true}]}}